{"id":2474,"date":"2024-10-10T09:08:10","date_gmt":"2024-10-10T09:08:10","guid":{"rendered":"https:\/\/benteogleif.dk\/web\/?page_id=2474"},"modified":"2025-01-08T15:41:04","modified_gmt":"2025-01-08T15:41:04","slug":"udgivelser","status":"publish","type":"page","link":"https:\/\/benteogleif.dk\/web\/udgivelser\/","title":{"rendered":"Udgivelser"},"content":{"rendered":"\t\t<div data-elementor-type=\"wp-page\" data-elementor-id=\"2474\" class=\"elementor elementor-2474\">\n\t\t\t\t<div class=\"elementor-element elementor-element-173edd6 e-flex e-con-boxed e-con e-parent\" data-id=\"173edd6\" data-element_type=\"container\">\n\t\t\t\t\t<div class=\"e-con-inner\">\n\t\t<div class=\"elementor-element elementor-element-4be943b e-con-full e-flex e-con e-child\" data-id=\"4be943b\" data-element_type=\"container\">\n\t\t\t\t<div class=\"elementor-element elementor-element-42dd48a elementor-widget elementor-widget-text-editor\" data-id=\"42dd48a\" data-element_type=\"widget\" data-widget_type=\"text-editor.default\">\n\t\t\t\t<div class=\"elementor-widget-container\">\n\t\t\t\t\t\t\t\t\t<p><strong>Egne udgivelser:<\/strong><\/p><p><strong>\u2022 <a href=\"https:\/\/benteogleif.dk\/web\/udgivelser-bente-kure-leif-ernstsen\/\">Bente Kure &amp; Leif Ernstsen<\/a><\/strong><br \/><strong>\u2022 <a href=\"https:\/\/benteogleif.dk\/web\/bente-kure\/\">Soloudgivelser<\/a><br \/><\/strong><a style=\"font-style: inherit; font-weight: inherit; text-align: var(--text-align); background-color: #ffffff;\" href=\"https:\/\/benteogleif.dk\/web\/oevrige\/\"><strong>\u00d8vrige udgivelser<\/strong><\/a><\/p>\t\t\t\t\t\t\t\t<\/div>\n\t\t\t\t<\/div>\n\t\t\t\t<\/div>\n\t\t<div class=\"elementor-element elementor-element-71a2bed e-con-full e-flex e-con e-child\" data-id=\"71a2bed\" data-element_type=\"container\">\n\t\t\t\t<div class=\"elementor-element elementor-element-fbca216 elementor-widget elementor-widget-heading\" data-id=\"fbca216\" data-element_type=\"widget\" data-widget_type=\"heading.default\">\n\t\t\t\t<div class=\"elementor-widget-container\">\n\t\t\t\t\t<h2 class=\"elementor-heading-title elementor-size-default\">Udgivelser<\/h2>\t\t\t\t<\/div>\n\t\t\t\t<\/div>\n\t\t\t\t<div class=\"elementor-element elementor-element-010be06 elementor-widget elementor-widget-text-editor\" data-id=\"010be06\" data-element_type=\"widget\" data-widget_type=\"text-editor.default\">\n\t\t\t\t<div class=\"elementor-widget-container\">\n\t\t\t\t\t\t\t\t\t<p>Her finder du information om alle vores udgivelser, b\u00e5de f\u00e6lles udgivelser, soloudgivelser og \u00f8vrige udgivelser, hvor vi har medvirket.<\/p><p>P\u00e5 de fleste omtaler af udgivelserne finder du sangteksterne nederst. Disse er til fri afbenyttelse, s\u00e5 l\u00e6nge det er til privat brug. De m\u00e5 dog ikke trykkes eller p\u00e5 anden m\u00e5de gengives uden forudg\u00e5ende tilladelse!<br \/>Og hvis du opf\u00f8rer dem offentligt, s\u00e5 husk at fort\u00e6lle det til Koda!\u00a0 \u00a0\ud83d\ude42<\/p>\t\t\t\t\t\t\t\t<\/div>\n\t\t\t\t<\/div>\n\t\t\t\t<\/div>\n\t\t\t\t\t<\/div>\n\t\t\t\t<\/div>\n\t\t<div class=\"elementor-element elementor-element-2b588f8 e-flex e-con-boxed e-con e-parent\" data-id=\"2b588f8\" data-element_type=\"container\">\n\t\t\t\t\t<div class=\"e-con-inner\">\n\t\t\t\t\t<\/div>\n\t\t\t\t<\/div>\n\t\t\t\t<\/div>\n\t\t","protected":false},"excerpt":{"rendered":"<p>Egne udgivelser: \u2022 Bente Kure &amp; Leif Ernstsen\u2022 Soloudgivelser\u00d8vrige udgivelser Udgivelser Her finder du information om alle vores udgivelser, b\u00e5de f\u00e6lles udgivelser, soloudgivelser og \u00f8vrige udgivelser, hvor vi har medvirket. P\u00e5 de fleste omtaler af udgivelserne finder du sangteksterne nederst. Disse er til fri afbenyttelse, s\u00e5 l\u00e6nge det er til privat brug. De m\u00e5 dog [&hellip;]<\/p>\n","protected":false},"author":1,"featured_media":0,"parent":0,"menu_order":0,"comment_status":"closed","ping_status":"closed","template":"","meta":{"_uag_custom_page_level_css":"","site-sidebar-layout":"no-sidebar","site-content-layout":"page-builder","ast-site-content-layout":"full-width-container","site-content-style":"unboxed","site-sidebar-style":"unboxed","ast-global-header-display":"","ast-banner-title-visibility":"","ast-main-header-display":"","ast-hfb-above-header-display":"","ast-hfb-below-header-display":"","ast-hfb-mobile-header-display":"","site-post-title":"disabled","ast-breadcrumbs-content":"","ast-featured-img":"","footer-sml-layout":"","theme-transparent-header-meta":"disabled","adv-header-id-meta":"","stick-header-meta":"","header-above-stick-meta":"","header-main-stick-meta":"","header-below-stick-meta":"","astra-migrate-meta-layouts":"set","ast-page-background-enabled":"default","ast-page-background-meta":{"desktop":{"background-color":"","background-image":"","background-repeat":"repeat","background-position":"center center","background-size":"auto","background-attachment":"scroll","background-type":"","background-media":"","overlay-type":"","overlay-color":"","overlay-opacity":"","overlay-gradient":""},"tablet":{"background-color":"","background-image":"","background-repeat":"repeat","background-position":"center center","background-size":"auto","background-attachment":"scroll","background-type":"","background-media":"","overlay-type":"","overlay-color":"","overlay-opacity":"","overlay-gradient":""},"mobile":{"background-color":"","background-image":"","background-repeat":"repeat","background-position":"center center","background-size":"auto","background-attachment":"scroll","background-type":"","background-media":"","overlay-type":"","overlay-color":"","overlay-opacity":"","overlay-gradient":""}},"ast-content-background-meta":{"desktop":{"background-color":"var(--ast-global-color-5)","background-image":"","background-repeat":"repeat","background-position":"center center","background-size":"auto","background-attachment":"scroll","background-type":"","background-media":"","overlay-type":"","overlay-color":"","overlay-opacity":"","overlay-gradient":""},"tablet":{"background-color":"var(--ast-global-color-5)","background-image":"","background-repeat":"repeat","background-position":"center center","background-size":"auto","background-attachment":"scroll","background-type":"","background-media":"","overlay-type":"","overlay-color":"","overlay-opacity":"","overlay-gradient":""},"mobile":{"background-color":"var(--ast-global-color-5)","background-image":"","background-repeat":"repeat","background-position":"center center","background-size":"auto","background-attachment":"scroll","background-type":"","background-media":"","overlay-type":"","overlay-color":"","overlay-opacity":"","overlay-gradient":""}},"footnotes":""},"class_list":["post-2474","page","type-page","status-publish","hentry"],"uagb_featured_image_src":{"full":false,"thumbnail":false,"medium":false,"medium_large":false,"large":false,"1536x1536":false,"2048x2048":false},"uagb_author_info":{"display_name":"admin","author_link":"https:\/\/benteogleif.dk\/web\/author\/benteo\/"},"uagb_comment_info":0,"uagb_excerpt":"Egne udgivelser: \u2022 Bente Kure &amp; Leif Ernstsen\u2022 Soloudgivelser\u00d8vrige udgivelser Udgivelser Her finder du information om alle vores udgivelser, b\u00e5de f\u00e6lles udgivelser, soloudgivelser og \u00f8vrige udgivelser, hvor vi har medvirket. P\u00e5 de fleste omtaler af udgivelserne finder du sangteksterne nederst. Disse er til fri afbenyttelse, s\u00e5 l\u00e6nge det er til privat brug. De m\u00e5 dog&hellip;","_links":{"self":[{"href":"https:\/\/benteogleif.dk\/web\/wp-json\/wp\/v2\/pages\/2474","targetHints":{"allow":["GET"]}}],"collection":[{"href":"https:\/\/benteogleif.dk\/web\/wp-json\/wp\/v2\/pages"}],"about":[{"href":"https:\/\/benteogleif.dk\/web\/wp-json\/wp\/v2\/types\/page"}],"author":[{"embeddable":true,"href":"https:\/\/benteogleif.dk\/web\/wp-json\/wp\/v2\/users\/1"}],"replies":[{"embeddable":true,"href":"https:\/\/benteogleif.dk\/web\/wp-json\/wp\/v2\/comments?post=2474"}],"version-history":[{"count":25,"href":"https:\/\/benteogleif.dk\/web\/wp-json\/wp\/v2\/pages\/2474\/revisions"}],"predecessor-version":[{"id":4368,"href":"https:\/\/benteogleif.dk\/web\/wp-json\/wp\/v2\/pages\/2474\/revisions\/4368"}],"wp:attachment":[{"href":"https:\/\/benteogleif.dk\/web\/wp-json\/wp\/v2\/media?parent=2474"}],"curies":[{"name":"wp","href":"https:\/\/api.w.org\/{rel}","templated":true}]}}