{"id":2734,"date":"2024-10-11T07:32:17","date_gmt":"2024-10-11T07:32:17","guid":{"rendered":"https:\/\/benteogleif.dk\/web\/?page_id=2734"},"modified":"2025-01-08T11:57:38","modified_gmt":"2025-01-08T11:57:38","slug":"leifstudie","status":"publish","type":"page","link":"https:\/\/benteogleif.dk\/web\/leifstudie\/","title":{"rendered":"Lydstudie"},"content":{"rendered":"\t\t<div data-elementor-type=\"wp-page\" data-elementor-id=\"2734\" class=\"elementor elementor-2734\">\n\t\t\t\t<div class=\"elementor-element elementor-element-173edd6 e-flex e-con-boxed e-con e-parent\" data-id=\"173edd6\" data-element_type=\"container\">\n\t\t\t\t\t<div class=\"e-con-inner\">\n\t\t<div class=\"elementor-element elementor-element-4be943b e-con-full e-flex e-con e-child\" data-id=\"4be943b\" data-element_type=\"container\">\n\t\t\t\t<div class=\"elementor-element elementor-element-389b00e elementor-widget elementor-widget-image\" data-id=\"389b00e\" data-element_type=\"widget\" data-widget_type=\"image.default\">\n\t\t\t\t<div class=\"elementor-widget-container\">\n\t\t\t\t\t\t\t\t\t\t\t\t\t\t\t<img decoding=\"async\" src=\"https:\/\/benteogleif.dk\/web\/wp-content\/uploads\/elementor\/thumbs\/ShangRi-La-qvelx62bun2gpyzgdx9g9trgrvhv5fifyt5mj0mc24.jpg\" title=\"ShangRi-La\" alt=\"ShangRi-La\" loading=\"lazy\" \/>\t\t\t\t\t\t\t\t\t\t\t\t\t\t\t<\/div>\n\t\t\t\t<\/div>\n\t\t\t\t<\/div>\n\t\t<div class=\"elementor-element elementor-element-71a2bed e-con-full e-flex e-con e-child\" data-id=\"71a2bed\" data-element_type=\"container\">\n\t\t\t\t<div class=\"elementor-element elementor-element-c877f35 elementor-widget elementor-widget-heading\" data-id=\"c877f35\" data-element_type=\"widget\" data-widget_type=\"heading.default\">\n\t\t\t\t<div class=\"elementor-widget-container\">\n\t\t\t\t\t<h2 class=\"elementor-heading-title elementor-size-default\">Shangri-La Studiet <\/h2>\t\t\t\t<\/div>\n\t\t\t\t<\/div>\n\t\t\t\t<div class=\"elementor-element elementor-element-40e35f1 elementor-widget elementor-widget-heading\" data-id=\"40e35f1\" data-element_type=\"widget\" data-widget_type=\"heading.default\">\n\t\t\t\t<div class=\"elementor-widget-container\">\n\t\t\t\t\t<h2 class=\"elementor-heading-title elementor-size-default\"> v\/Leif Ernstsen<\/h2>\t\t\t\t<\/div>\n\t\t\t\t<\/div>\n\t\t\t\t<div class=\"elementor-element elementor-element-010be06 elementor-widget elementor-widget-text-editor\" data-id=\"010be06\" data-element_type=\"widget\" data-widget_type=\"text-editor.default\">\n\t\t\t\t<div class=\"elementor-widget-container\">\n\t\t\t\t\t\t\t\t\t<p>Topprofessionelt lydstudie med kontrol- og indspilningsrum p\u00e5 henholdsvis 25 og 40 m2., til indspilning, produktion og mix.<\/p><p>Studiet er udstyret med nyeste Pro Tools Studio og APOLLO interfaces med en bred vifte af diverse professionelle high grade preamps og mikrofoner<br \/>(ca. 55 stk. \u2013 b\u00e5de vintage og moderne).<\/p><p>Desuden r\u00e5der studiet over diverse keyboards, amps, guitarer og percussion.<\/p><p><strong><em>Vigtigst af alt, er mange \u00e5rs erfaring med musikproduktion i mange forskellige genrer, stor teknisk indsigt og et par rigtig gode \u00f8rer!<\/em><\/strong><\/p><p><strong>Viser \u2013 Folk \u2013 Klassisk \u2013 Rytmisk \u2013Singer\/songwriter \u2013 Newage \u2013 Indi<br \/><\/strong>Ingen genre er fremmed \u2013 alt er velkomment h\u00e9r!<\/p><p>Leifs mange \u00e5rs erfaring bag knapperne, arbejdet i studier landet over samt live p\u00e5 scenerne giver dig sikkerhed for et solidt og seri\u00f8st resultat.<\/p><p><strong>Leif siger selv:<\/strong><\/p><p>\u201dJeg prioriterer trygge rammer og god stemning om dig og din musik. Hele vejen har den gode lyd, og det at arbejde i tryg f\u00f8lsomhed med musikken, v\u00e6ret centralt for mig &#8211; b\u00e5de live og i studiet. Derfor har jeg opbygget dette topprofessionelle studie, og her er plads til b\u00e5de dig, der er erfaren udi studiearbejde, og til dig der m\u00e5ske aldrig har pr\u00f8vet at indspille f\u00f8r eller har haft d\u00e5rlige erfaringer, f\u00f8lt dig fremmedgjort og druknet i teknik ved tidligere fors\u00f8g. Derfor har jeg udviklet en studierutine, der ikke kun tager h\u00e5nd om teknikken, men ogs\u00e5 om dig, der kommer med musikken.\u201d<\/p><p>Han kan ogs\u00e5 hj\u00e6lpe dig med at udgive og l\u00e6gge din musik p\u00e5 YouTube og andre digitale platforme.<\/p><p><strong><em>Info og booking af studietid:<br \/><\/em><\/strong><a href=\"mailto:info@leifernstsen.dk\">info@leifernstsen.dk<\/a>\u00a0&#8211;\u00a0 <strong>tlf.\u00a0 40144202<\/strong><\/p><p><strong><em>\u00a0<\/em><\/strong><\/p>\t\t\t\t\t\t\t\t<\/div>\n\t\t\t\t<\/div>\n\t\t\t\t<div class=\"elementor-element elementor-element-fce0741 elementor-widget-divider--view-line elementor-widget elementor-widget-divider\" data-id=\"fce0741\" data-element_type=\"widget\" data-widget_type=\"divider.default\">\n\t\t\t\t<div class=\"elementor-widget-container\">\n\t\t\t\t\t\t\t<div class=\"elementor-divider\">\n\t\t\t<span class=\"elementor-divider-separator\">\n\t\t\t\t\t\t<\/span>\n\t\t<\/div>\n\t\t\t\t\t\t<\/div>\n\t\t\t\t<\/div>\n\t\t\t\t<div class=\"elementor-element elementor-element-a0260e8 elementor-widget elementor-widget-image\" data-id=\"a0260e8\" data-element_type=\"widget\" data-widget_type=\"image.default\">\n\t\t\t\t<div class=\"elementor-widget-container\">\n\t\t\t\t\t\t\t\t\t\t\t\t\t\t\t<img fetchpriority=\"high\" decoding=\"async\" width=\"816\" height=\"198\" src=\"https:\/\/benteogleif.dk\/web\/wp-content\/uploads\/2024\/10\/sgl2.jpg\" class=\"attachment-full size-full wp-image-2939\" alt=\"\" srcset=\"https:\/\/benteogleif.dk\/web\/wp-content\/uploads\/2024\/10\/sgl2.jpg 816w, https:\/\/benteogleif.dk\/web\/wp-content\/uploads\/2024\/10\/sgl2-300x73.jpg 300w, https:\/\/benteogleif.dk\/web\/wp-content\/uploads\/2024\/10\/sgl2-768x186.jpg 768w\" sizes=\"(max-width: 816px) 100vw, 816px\" \/>\t\t\t\t\t\t\t\t\t\t\t\t\t\t\t<\/div>\n\t\t\t\t<\/div>\n\t\t\t\t<\/div>\n\t\t\t\t\t<\/div>\n\t\t\t\t<\/div>\n\t\t<div class=\"elementor-element elementor-element-2b588f8 e-flex e-con-boxed e-con e-parent\" data-id=\"2b588f8\" data-element_type=\"container\">\n\t\t\t\t\t<div class=\"e-con-inner\">\n\t\t\t\t\t<\/div>\n\t\t\t\t<\/div>\n\t\t\t\t<\/div>\n\t\t","protected":false},"excerpt":{"rendered":"<p>Shangri-La Studiet v\/Leif Ernstsen Topprofessionelt lydstudie med kontrol- og indspilningsrum p\u00e5 henholdsvis 25 og 40 m2., til indspilning, produktion og mix. Studiet er udstyret med nyeste Pro Tools Studio og APOLLO interfaces med en bred vifte af diverse professionelle high grade preamps og mikrofoner(ca. 55 stk. \u2013 b\u00e5de vintage og moderne). Desuden r\u00e5der studiet over [&hellip;]<\/p>\n","protected":false},"author":1,"featured_media":0,"parent":0,"menu_order":0,"comment_status":"closed","ping_status":"closed","template":"","meta":{"_uag_custom_page_level_css":"","site-sidebar-layout":"no-sidebar","site-content-layout":"page-builder","ast-site-content-layout":"full-width-container","site-content-style":"unboxed","site-sidebar-style":"unboxed","ast-global-header-display":"","ast-banner-title-visibility":"","ast-main-header-display":"","ast-hfb-above-header-display":"","ast-hfb-below-header-display":"","ast-hfb-mobile-header-display":"","site-post-title":"disabled","ast-breadcrumbs-content":"","ast-featured-img":"","footer-sml-layout":"","theme-transparent-header-meta":"disabled","adv-header-id-meta":"","stick-header-meta":"","header-above-stick-meta":"","header-main-stick-meta":"","header-below-stick-meta":"","astra-migrate-meta-layouts":"set","ast-page-background-enabled":"default","ast-page-background-meta":{"desktop":{"background-color":"","background-image":"","background-repeat":"repeat","background-position":"center center","background-size":"auto","background-attachment":"scroll","background-type":"","background-media":"","overlay-type":"","overlay-color":"","overlay-opacity":"","overlay-gradient":""},"tablet":{"background-color":"","background-image":"","background-repeat":"repeat","background-position":"center center","background-size":"auto","background-attachment":"scroll","background-type":"","background-media":"","overlay-type":"","overlay-color":"","overlay-opacity":"","overlay-gradient":""},"mobile":{"background-color":"","background-image":"","background-repeat":"repeat","background-position":"center center","background-size":"auto","background-attachment":"scroll","background-type":"","background-media":"","overlay-type":"","overlay-color":"","overlay-opacity":"","overlay-gradient":""}},"ast-content-background-meta":{"desktop":{"background-color":"var(--ast-global-color-5)","background-image":"","background-repeat":"repeat","background-position":"center center","background-size":"auto","background-attachment":"scroll","background-type":"","background-media":"","overlay-type":"","overlay-color":"","overlay-opacity":"","overlay-gradient":""},"tablet":{"background-color":"var(--ast-global-color-5)","background-image":"","background-repeat":"repeat","background-position":"center center","background-size":"auto","background-attachment":"scroll","background-type":"","background-media":"","overlay-type":"","overlay-color":"","overlay-opacity":"","overlay-gradient":""},"mobile":{"background-color":"var(--ast-global-color-5)","background-image":"","background-repeat":"repeat","background-position":"center center","background-size":"auto","background-attachment":"scroll","background-type":"","background-media":"","overlay-type":"","overlay-color":"","overlay-opacity":"","overlay-gradient":""}},"footnotes":""},"class_list":["post-2734","page","type-page","status-publish","hentry"],"uagb_featured_image_src":{"full":false,"thumbnail":false,"medium":false,"medium_large":false,"large":false,"1536x1536":false,"2048x2048":false},"uagb_author_info":{"display_name":"admin","author_link":"https:\/\/benteogleif.dk\/web\/author\/benteo\/"},"uagb_comment_info":0,"uagb_excerpt":"Shangri-La Studiet v\/Leif Ernstsen Topprofessionelt lydstudie med kontrol- og indspilningsrum p\u00e5 henholdsvis 25 og 40 m2., til indspilning, produktion og mix. Studiet er udstyret med nyeste Pro Tools Studio og APOLLO interfaces med en bred vifte af diverse professionelle high grade preamps og mikrofoner(ca. 55 stk. \u2013 b\u00e5de vintage og moderne). Desuden r\u00e5der studiet over&hellip;","_links":{"self":[{"href":"https:\/\/benteogleif.dk\/web\/wp-json\/wp\/v2\/pages\/2734","targetHints":{"allow":["GET"]}}],"collection":[{"href":"https:\/\/benteogleif.dk\/web\/wp-json\/wp\/v2\/pages"}],"about":[{"href":"https:\/\/benteogleif.dk\/web\/wp-json\/wp\/v2\/types\/page"}],"author":[{"embeddable":true,"href":"https:\/\/benteogleif.dk\/web\/wp-json\/wp\/v2\/users\/1"}],"replies":[{"embeddable":true,"href":"https:\/\/benteogleif.dk\/web\/wp-json\/wp\/v2\/comments?post=2734"}],"version-history":[{"count":41,"href":"https:\/\/benteogleif.dk\/web\/wp-json\/wp\/v2\/pages\/2734\/revisions"}],"predecessor-version":[{"id":4261,"href":"https:\/\/benteogleif.dk\/web\/wp-json\/wp\/v2\/pages\/2734\/revisions\/4261"}],"wp:attachment":[{"href":"https:\/\/benteogleif.dk\/web\/wp-json\/wp\/v2\/media?parent=2734"}],"curies":[{"name":"wp","href":"https:\/\/api.w.org\/{rel}","templated":true}]}}