{"id":2828,"date":"2024-10-11T12:07:26","date_gmt":"2024-10-11T12:07:26","guid":{"rendered":"https:\/\/benteogleif.dk\/web\/?page_id=2828"},"modified":"2024-12-13T13:51:09","modified_gmt":"2024-12-13T13:51:09","slug":"forandring","status":"publish","type":"page","link":"https:\/\/benteogleif.dk\/web\/forandring\/","title":{"rendered":"Forandring"},"content":{"rendered":"\t\t<div data-elementor-type=\"wp-page\" data-elementor-id=\"2828\" class=\"elementor elementor-2828\">\n\t\t\t\t<div class=\"elementor-element elementor-element-173edd6 e-flex e-con-boxed e-con e-parent\" data-id=\"173edd6\" data-element_type=\"container\">\n\t\t\t\t\t<div class=\"e-con-inner\">\n\t\t<div class=\"elementor-element elementor-element-4be943b e-con-full e-flex e-con e-child\" data-id=\"4be943b\" data-element_type=\"container\">\n\t\t\t\t<div class=\"elementor-element elementor-element-389b00e elementor-widget elementor-widget-image\" data-id=\"389b00e\" data-element_type=\"widget\" data-widget_type=\"image.default\">\n\t\t\t\t<div class=\"elementor-widget-container\">\n\t\t\t\t\t\t\t\t\t\t\t\t\t\t\t<img decoding=\"async\" src=\"https:\/\/benteogleif.dk\/web\/wp-content\/uploads\/elementor\/thumbs\/04-qvcdfw75kjj52u10e543yggxs4wrqnwzzhb1wsgldw.jpg\" title=\"04\" alt=\"04\" loading=\"lazy\" \/>\t\t\t\t\t\t\t\t\t\t\t\t\t\t\t<\/div>\n\t\t\t\t<\/div>\n\t\t\t\t<\/div>\n\t\t<div class=\"elementor-element elementor-element-71a2bed e-con-full e-flex e-con e-child\" data-id=\"71a2bed\" data-element_type=\"container\">\n\t\t\t\t<div class=\"elementor-element elementor-element-c877f35 elementor-widget elementor-widget-heading\" data-id=\"c877f35\" data-element_type=\"widget\" data-widget_type=\"heading.default\">\n\t\t\t\t<div class=\"elementor-widget-container\">\n\t\t\t\t\t<h2 class=\"elementor-heading-title elementor-size-default\">Forandring<\/h2>\t\t\t\t<\/div>\n\t\t\t\t<\/div>\n\t\t\t\t<div class=\"elementor-element elementor-element-010be06 elementor-widget elementor-widget-text-editor\" data-id=\"010be06\" data-element_type=\"widget\" data-widget_type=\"text-editor.default\">\n\t\t\t\t<div class=\"elementor-widget-container\">\n\t\t\t\t\t\t\t\t\t<p>Tekster af bl.a. Rune T. Kidde. Flere af Bentes gendigtninger fra engelsk og norsk, samt nogle af Bentes sange og Leifs melodier.<\/p><p>1. Regnen<br \/>2. Godt at se dig<br \/>3. Den lange tavshed<br \/>4. Kom tilbage<br \/>5. Sk\u00e6bne<br \/>6. Afsked<br \/>7. Francis Tolliver<br \/>8. Ejendomsretten<br \/>9. Hustru, datter , mor<br \/>10. Livets n\u00f8dvendige smerte<br \/>11. Nat-Jensen<br \/>12. Myten om Florence Nightingale<br \/>13. N\u00e5r du har ondt<br \/>14. Forandring<\/p><p>Indspillet i Focus Recording Vanl\u00f8se i 1993<\/p><p>Teknik: Steen S\u00f8rensen<\/p><p>Producer: Leif Ernstsen<\/p><p>G\u00e6stemusikere:<\/p><p>Niels Vangkilde &#8211; elbas, elguitar, guitar<br \/>Flemming Quist M\u00f8ller &#8211; congas, bongotrommer<\/p><p>Alan Klitgaard &#8211; kor<br \/>Jens Christensen &#8211; kor<br \/>Lisbeth Juul Hansen &#8211; guitar<br \/>Henrik Simonsen &#8211; kontrabas<br \/>Nina Frederiksen &#8211; piano<\/p><p><strong><em>Anmeldelser:<\/em><\/strong><\/p><p><em>Frydefuld forandring&#8230;..<\/em><br \/><em>Det hele fortolkes med en afd\u00e6mpet, men ind-tr\u00e6ngende inderlighed af den velsyngende Bente Kure, som f\u00e5r kvalificeret opbakning af Leif Ernstsen med den lyriske harmonika&#8230;.<\/em><br \/><em>En velproduceret og stemningsm\u00e6ttet skive, som man kommer til at holde mere og mere af, jo mere man lytter til den&#8230;..Forandring fryder &#8211; det g\u00f8r &#8220;Forandring&#8221; ogs\u00e5!&#8230;<\/em><br \/><em>Jyllandsposten<\/em><\/p><p><em>Bevidste forandringer&#8230;..<\/em><br \/><em>De 14 kompositioner st\u00e5r krystalklart i lydbilledet &#8211; ogs\u00e5 efter CD-afspilleren er slukket&#8230;..<\/em><br \/><em>Leif\u00b4s komposition &#8220;Afsked&#8221; er lidt under fire minutters stemningsbilleder skabt af en fin og tynd musikalsk pensel. Smukt!&#8230;<\/em><br \/><em>Allan Gregersen, Skive Folkeblad<\/em><br \/><br \/><em>Finslebent samspil&#8230; P\u00e5 denne CD folder hun sig ud med et stort emotionelt vingefang og en smuk, moden stemme&#8230; Samarbejdet mellem hendes sang og Ernstsens nuancerede harmonikaspil er pr\u00e6get af den smukkeste indbyrdes fortrolighed&#8230;<\/em><br \/><em>Torbj\u00f8rn Sj\u00f8gren, Politiken<\/em><\/p>\t\t\t\t\t\t\t\t<\/div>\n\t\t\t\t<\/div>\n\t\t\t\t<div class=\"elementor-element elementor-element-0181cba elementor-widget-divider--view-line elementor-widget elementor-widget-divider\" data-id=\"0181cba\" data-element_type=\"widget\" data-widget_type=\"divider.default\">\n\t\t\t\t<div class=\"elementor-widget-container\">\n\t\t\t\t\t\t\t<div class=\"elementor-divider\">\n\t\t\t<span class=\"elementor-divider-separator\">\n\t\t\t\t\t\t<\/span>\n\t\t<\/div>\n\t\t\t\t\t\t<\/div>\n\t\t\t\t<\/div>\n\t\t\t\t<div class=\"elementor-element elementor-element-dc2e5e5 elementor-widget elementor-widget-text-editor\" data-id=\"dc2e5e5\" data-element_type=\"widget\" data-widget_type=\"text-editor.default\">\n\t\t\t\t<div class=\"elementor-widget-container\">\n\t\t\t\t\t\t\t\t\t<p><strong>Sangtekster: Forandring<\/strong><\/p><p><strong>1. Regnen<\/strong><br \/>(Tekst: &amp; Musik: Rune T. Kidde)<\/p><p>Jeg har h\u00f8rt i natten de sorte fugles flok<br \/>og set den blege h\u00f8stmand der aldrig ka&#8217; f\u00e5 nok<br \/>og jeg har h\u00f8rt om krigen &#8211; om fattigdom og n\u00f8d<br \/>og set en kornfed bager gi&#8217; sten for dagligt br\u00f8d<\/p><p>Men regnen drypper stadig &#8211; Luk op mit sind og h\u00f8r<br \/>Jeg tror nok det er h\u00e5bet der banker p\u00e5 min d\u00f8r<\/p><p>Jeg har h\u00f8rt de f\u00e6lder de sidste skove nu<br \/>set r\u00f8g og sod der v\u00e6lder mod himmelhv\u00e6lvets dug<br \/>Og jeg har h\u00f8rt om l\u00f8gne de sang i by og land<br \/>En l\u00f8gn de sang s\u00e5 ofte at l\u00f8gnen den blev sand<\/p><p>Men regnen drypper stadig&#8230;.osv<br \/><br \/>Jeg har h\u00f8rt om nagler i men&#8217;skes\u00f8nnens h\u00e5nd<br \/>om kirker ud af stene og ikke skabt af \u00e5nd<br \/>Og jeg har h\u00f8rt om tomhed de solgte dyrt som guld<br \/>at b\u00f8rn kun taler sandhed, manden kun n\u00e5r han er fuld<\/p><p>Men regnen drypper stadig&#8230;.osv<\/p><p>Og Gud har skabt kamille og baldrian mod strid<br \/>og tj\u00f8rnen selv kan blomnstre s\u00e5 str\u00e5lende og hvid<br \/>Jeg har trykket varme n\u00e6ver som ganske uden ord<br \/>har gjort min angst s\u00e5 lille at gr\u00e6sset stadig gror<\/p><p>Men regnen drypper stadig&#8230;.osv<br \/>_______________________________________________________________<\/p><p><br \/><strong>2. Godt at se dig<\/strong><br \/>(Tekst &amp; Musik: Allan Taylor, Overs.: Rune T. Kidde &amp; Alex Campbell)<\/p><p>En rastl\u00f8s sj\u00e6l, et uroligt hjerte <br \/>m\u00e5 s\u00f8ge bort p\u00e5 en vinterdag<br \/>men altid l\u00e6nges som jeg tilbage<br \/>Blandt gode venner i muntert lag<\/p><p>Det&#8217; godt at se dig, s\u00e5 godt at se dig<br \/>Hvor har jeg savnet dig siden sidst<br \/>Jeg krydsed havet og mangt et fremmed land<br \/>Det&#8217; godt at se dig, at v\u00e6re h\u00e9r<\/p><p>Fra jeg var barn var jeg altid draget<br \/>som store skibe mod \u00e5bent hav<br \/>mit hjerte slibes i evig br\u00e6nding<br \/>som ogs\u00e5 harpiks engang bli&#8217;r rav<\/p><p>Det&#8217;&#8230;&#8230;&#8230;etc<\/p><p>Jeg s\u00f8gte eventyr at fort\u00e6lle<br \/>hvor natten brister i dagens gry<br \/>Her er det sted jeg altid s\u00f8gte<br \/>men jeg m\u00e5 bort n\u00e5r det gryr p\u00e5ny<\/p><p>Det&#8217;&#8230;&#8230;&#8230;etc<\/p><p>At svalen tr\u00e6kker hvert \u00e5r tilbage<br \/>og atter bort igen, det ved jeg er sandt<br \/>Af s\u00e6lsom tr\u00e5d er dog venskab spundet<br \/>som aldrig brast og som aldrig svandt<\/p><p>Det&#8217;&#8230;&#8230;&#8230;.etc<\/p><p>En sk\u00e5l for l\u00e6ngslen, en sk\u00e5l for livet<br \/>en sk\u00e5l for lyset i denne stund<br \/>Af tiden modnes jo vin og venskab<br \/>og det der vokser fra hjertets grund<\/p><p>Det&#8217;&#8230;&#8230;..etc<br \/>____________________________________________________________<\/p><p><br \/><strong>3. Den lange tavshed<\/strong><br \/>(Tekst: Rudolf Nielsen, Overs.&amp; Musik: Bente Kure)<\/p><p>Ikke fordi jeg har glemt dine smil<br \/>har jeg tiet s\u00e5 l\u00e6nge<br \/>jeg frygtede min sang ville g\u00e5<br \/>som en fil over sk\u00e6lvende strenge<br \/>og sk\u00e6re de hulkende toner itu<br \/>som kun du har h\u00f8rt, kun du<\/p><p>Ikke fordi jeg har glemt dine smil<br \/>De begyndte s\u00e5 stille<br \/>som kom de fra fjerneste himmelstr\u00f8g<br \/>for at se hvad du ville<br \/>og m\u00f8dte de ikke en sj\u00e6l p\u00e5 vejen<br \/>der bad dem at flyve mod mig<\/p><p>Ikke fordi jeg har glemt dine smil<br \/>til det sidste det triste<br \/>som vidnede om alt min tvivl<br \/>og om alt det jeg vidste<br \/>men kun fordi jeg var angst<br \/>for at gi\u2019 min lykke en h\u00e5rd melodi<br \/>______________________________________________________<\/p><p><br \/><strong>4. Kom tilbage<\/strong><br \/>(Tekst&amp; Musik: Bente Kure)<\/p><p>Det skete s\u00e5 langt herfra<br \/>b\u00e5de i tid og sted<br \/>i den ende af verden hvor solen st\u00e5r op<br \/>og Karlsvognen ligger p\u00e5 sned<br \/>Det var dr\u00f8m, det var virklighed et eventyr i k\u00f8d og blod<\/p><p>D\u00f8ren gik op som ved magiske ord<br \/>Den lykke som er nu og her<br \/>den str\u00f8mmede ind og lyste op<br \/>som det blideste stjernesk\u00e6r<br \/>Og vi k\u00e6mpede begge imod &#8211; ku&#8217; intet stille op<\/p><p>Kom tilbage, kom tilbage &#8211; la&#8217; mig huske hvem du er<br \/>spr\u00e6ng rammen om det billed jeg har skabt af dig <br \/>i min fantasi<br \/>Kom tilbage &#8211; la&#8217; mig se hvem du virk&#8217;lig er<\/p><p>Du havde dit liv og jeg havde mit<br \/>Der var \u00e9n der vented p\u00e5 dig<br \/>da vi vendte tilbage til h\u00e9r hvor stjernerne <br \/>vender den rigtige vej<br \/>Nu blev lykken en tyvekost som du og jeg vi stjal <br \/><br \/>Kom tilbage&#8230;.osv<\/p><p>Ugerne gik &#8211; du blev hvor du var<br \/>jeg l\u00e6rte om ventetid<br \/>Der var alt for mange ensomme n\u00e6tter<br \/>hvor illusioner f\u00e5r liv<br \/>Nu er du en stemme i min telefon &#8211; et billed p\u00e5 min v\u00e6g<\/p><p>Kom tilbage, kom tilbage &#8211; la&#8217; mig huske hvem du er<br \/>spr\u00e6ng rammen om det billed jeg har skabt af dig <br \/>i min fantasi &#8211; slip mig fri!! &#8211;<br \/>Kom tilbage &#8211; la&#8217; mig se hvem du virk&#8217;lig er<br \/>_________________________________________________________<\/p><p><br \/><strong>5. Sk\u00e6bne<\/strong><br \/>(Tekst: Morten Nielsen, Musik: Bente Kure)<\/p><p>Hurtige lyse stemmer der hvirvlede ud i det bl\u00e5 &#8230;<br \/>du var ulykkelig, Tykke, men det ku&#8217; vi ikke forst\u00e5.<br \/>Svedig fed og dum &#8230; Helvede satte p\u00e5 spring<br \/>og v\u00e6ltede dig og cyklen. Vi stod omkring og lo.<\/p><p>Du sad p\u00e5 den forreste b\u00e6nk &#8230; gr\u00e6d ikke, nej glo, glo, glo!<br \/>n\u00e5r en bange og vittig vikar sp\u00f8rger om to og to.<br \/>Vikarer i f\u00f8rste mellem frelste en tynd disciplin<br \/>ved at vende det hele mod dig, der forsvarsl\u00f8s blev til grin.<\/p><p>Og da det omsider blev for\u00e5r for os, der var femten \u00e5r,<br \/>og tr\u00e6erne stod og lyste over pigernes bl\u00f8de h\u00e5r<br \/>og du kom, forsigtigt, alvorligt, &#8211; da skete det v\u00e6rste af alt:<br \/>at den, der lo h\u00f8jest af os, var hende det hele gjaldt.<\/p><p>Nu ta&#8217;r du h\u00e6vn! Nu g\u00e5r du med skr\u00e5rem og st\u00f8vler p\u00e5,<br \/>du l\u00f8fter en arm og det skinner i \u00f8jnenes blege bl\u00e5.<br \/>For had h\u00e5n og trusler, det kan et menneske ta&#8217; &#8211;<br \/>men ikke det, nej aldrig: Det og grines a&#8217; &#8230;<\/p><p>Nu er du noget, Tykke! Mand og partikammerat.<br \/>Og hvis vi en dag skal til muren, s\u00e5 er din h\u00e5nd parat.<br \/>Parat til at smadre et knojern ind i min mund, n\u00e5r du sl\u00e5r,<br \/>for nu vil du dr\u00e6be, Tykke, alle de onde \u00e5r.<br \/>______________________________________________________<\/p><p><br \/><strong>7. Francis Tolliver<\/strong><br \/>(Find teksten p\u00e5 Julefluen))<br \/>_______________________________________________________<\/p><p><br \/><strong>8. Ejendomsretten<\/strong><br \/>(Tekst: Rune T. Kidde, Musik: Bente Kure)<\/p><p>Ingen ejer himlen, der er ingen skat p\u00e5 skyer<br \/>Tak for stjernevrimlen fri for omkostningsgebyr<br \/>Ejendomsret til regnen er der ingen folk der har<br \/>Der\u2019 ingen moms p\u00e5 udsigt p\u00e5 en vintermorgen klar<\/p><p>Hel\u2019re ti fugle p\u00e5 taget, ja gerne tre-fire dusin<br \/>end \u00e9n der bli\u2019r knuget i h\u00e5nden <br \/>fordi jeg vil kalde den min<\/p><p>Ingen ejer floden som foruden kildeskat<br \/>lifligt sprang af kloden og l\u00f8b bort en sommernat<br \/>K\u00f8bskontrakt p\u00e5 vinden er der ingen der kan f\u00e5<br \/>for de skrives hen i vejret og det bl\u00e6ser vinden p\u00e5<\/p><p>Hel\u2019re ti fugle p\u00e5 taget\u2026osv<\/p><p>Ingen ejer skoven, den er rig nok i sig selv<br \/>for kronerne for oven hilser himlen uden g\u00e6ld<br \/>Fork\u00f8bsret p\u00e5 m\u00e5ner er for lygtemand og trold<br \/>K\u00e6restefolk kun l\u00e5ner, men har l\u00e5nt siden hedenold<\/p><p>Hel\u2019re ti fugle p\u00e5 taget\u2026osv<\/p><p>Ingen har en fordring p\u00e5 dit hjerte og dit sind<br \/>ingen afdragsordning, kun et k\u00e6rtegn af din kind<br \/>Jeg er ingen tolder sk\u00f8nt det gr\u00e6nser vidst dertil<br \/>Hjertets paskontrol er: Gi\u2019 mig alting hvis du vil!<\/p><p>Hel\u2019re ti fugle p\u00e5 taget\u2026osv<br \/>______________________________________________________<\/p><p><br \/><strong>9. Hustru, datter , mor<\/strong><br \/>(Tekst &amp; Musik: Judy Small, Overs.: Bente Kure)<\/p><p>F\u00f8rste gang gik f\u00e6drene, s\u00f8nner sidenhen<br \/>Krigen indimellem hentede jeres \u00e6gtem\u00e6nd<br \/>men i kendte jeres pladser: Hustru, datter, mor<br \/>s\u00e5 I stilled\u2019 ingen sp\u00f8rgsm\u00e5l mens I pl\u00f8jed\u2019 deres jord<\/p><p>I kan svagt erindre stemningen, m\u00f8dre brast i gr\u00e5d<br \/>l\u00e6sten listen over faldne m\u00e6nd og deres helted\u00e5d<br \/>Et billed rammed ind i guld blev trykket mod et bryst<br \/>De tavse m\u00e6nd med tomme \u00f8jne stod og lytted\u2019 tyst<\/p><p>F\u00f8rste gang gik f\u00e6drene, \u2026osv.<\/p><p>I voksed&#8217; op, fik m\u00e6nd og b\u00f8rn, tyve \u00e5r gik hen<br \/>og en dag blev m\u00e6nd soldater da trompeten l\u00f8d igen<br \/>I gik i marken, laved\u2019 v\u00e5ben, holdt hjulene i gang<br \/>Der l\u00f8d kun stille h\u00e5b om gensyn, ingen klagesang<\/p><p>De kom hjem med ar i sj\u00e6len og I der arbejded som m\u00e6nd<br \/>m\u00e5tte vige pladsen og bli\u2019 m\u00f8dre &#8211; hustruer igen<br \/>men I ville ikke s\u00e5re, s\u00e5 passed hus og hjem<br \/>Et billed\u2019 af en lykkelig familie vistes frem<\/p><p>F\u00f8rste gang gik f\u00e6drene, \u2026osv.<\/p><p>Jeres piger blev til kvinder, drengene til m\u00e6nd<br \/>og det var som onde dr\u00f8mme da signalet kom igen<br \/>men I vinkede endnu en gang da de drog afsted<br \/>Siden ku\u2019 man sent om natten h\u00f8re \u00e9n der gr\u00e6d<\/p><p>Nu er h\u00e5ret gr\u00e5t, for jer blev krigen livets r\u00f8de tr\u00e5d<br \/>og som enker sidder i og mindes tiden der er g\u00e5et<br \/>mens dem der nu er d\u00f8tre \u00e6ndrer deres k\u00e5r \u2013 ser at <br \/>kvindens navn er andet end blot hustru, datter, mor<\/p><p>F\u00f8rste gang gik f\u00e6drene, \u2026osv.<br \/>_____________________________________________________<\/p><p><br \/><strong>10. Livets n\u00f8dvendige smerte<\/strong><br \/>(Tekst &amp; Musik: Bente Kure)<\/p><p>Et blik der sagde undskyld, jeg er n\u00f8dt til at g\u00e5<br \/>En d\u00f8r der blev lukket i og tiden gik i st\u00e5<br \/>Et skrig ud i m\u00f8rket \u2013 du m\u00e5 ikke g\u00e5<br \/>En krop der bare stod og s\u00e5 p\u00e5<\/p><p>En barnetro der d\u00f8de \u2013 En evighed der slutted\u2019 brat<br \/>Et gulv der forsvandt under f\u00f8dderne og alt blev bare nat<br \/>Et skrig ud i m\u00f8rket \u2013 du m\u00e5 ikke g\u00e5<br \/>En krop der bare stod og s\u00e5 p\u00e5<\/p><p>Livets n\u00f8dvendige smerte<br \/>En stor bunke gl\u00f8dende kul<br \/>Men hvis du g\u00f8r det og t\u00f8r det og lever det ud<br \/>s\u00e5 ka\u2019 kul bli\u2019 til diamanter<\/p><p>En f\u00f8lelse af at d\u00f8, men livet det bli\u2019r ved<br \/>En masse gr\u00e5d og t\u00e5rer i en uendelighed<br \/>Et r\u00e5b ud i natten \u2013 Hvor g\u00e5r du hen<br \/>Og kroppen den v\u00e5gner igen<\/p><p>En lille stemme kalder \u2013 kom og ta\u2019 dig af mig<br \/>Barnet indeni har nu kun dig<br \/>Et r\u00e5b ud i natten \u2013 Hvor g\u00e5r du hen<br \/>Og kroppen den v\u00e5gner igen<\/p><p>til livets n\u00f8dvendige smerte\u2026\u2026. osv.<\/p><p>T\u00f8r du g\u00e5 helt ind i m\u00f8rket<br \/>der hvor hjerte og smerte ikke kun er rim<br \/>S\u00e5 vil du m\u00e5ske finde &#8211; allerdybest inde<br \/>vejen ud til lyset igen<\/p><p>Det er livets n\u00f8dvendige\u2026\u2026.. osv.<br \/>_____________________________________________________________<\/p><p><br \/><strong>11. Nat-Jensen<\/strong><br \/><strong>12. Myten om Florence Nightingale<\/strong><br \/><strong>13. N\u00e5r du har ondt<\/strong><br \/>(Find teksterne p\u00e5 Sygeplejerskesange)<br \/>_____________________________________________________________<\/p><p><br \/><strong>14. Forandring<\/strong><br \/>(Tekst: Anette Kure Corneliussen, Musik: Bente Kure)<\/p><p>De h\u00e5rde n\u00f8dder kn\u00e6kkes<br \/>og et hjerte lukker sig op<br \/>Beg\u00e6rligt vil jeg f\u00f8le hver forandring i min krop<\/p><p>Mangfoldighedens farver<br \/>bl\u00e6ses v\u00e6k af vind og vejr<br \/>Det n\u00f8gne og det rene kan beskues af enhver<\/p><p>En luft s\u00e5 skarp og k\u00f8lig vaskes bl\u00e5 af regnens vand<br \/>Og himlen h\u00f8j og \u00e5ben over nybrudt, h\u00f8stet land<\/p><p>En lille smule tungsind og et drys melankoli<br \/>broderer tankens klarhed nu hvor alting er forbi<\/p><p>De h\u00e5rde n\u00f8dder kn\u00e6kkes<br \/>og et hjerte lukker sig op<br \/>Beg\u00e6rligt vil jeg f\u00f8le hver forandring i min krop<\/p>\t\t\t\t\t\t\t\t<\/div>\n\t\t\t\t<\/div>\n\t\t\t\t<\/div>\n\t\t\t\t\t<\/div>\n\t\t\t\t<\/div>\n\t\t<div class=\"elementor-element elementor-element-2b588f8 e-flex e-con-boxed e-con e-parent\" data-id=\"2b588f8\" data-element_type=\"container\">\n\t\t\t\t\t<div class=\"e-con-inner\">\n\t\t\t\t\t<\/div>\n\t\t\t\t<\/div>\n\t\t\t\t<\/div>\n\t\t","protected":false},"excerpt":{"rendered":"<p>Forandring Tekster af bl.a. Rune T. Kidde. Flere af Bentes gendigtninger fra engelsk og norsk, samt nogle af Bentes sange og Leifs melodier. 1. Regnen2. Godt at se dig3. Den lange tavshed4. Kom tilbage5. Sk\u00e6bne6. Afsked7. Francis Tolliver8. Ejendomsretten9. Hustru, datter , mor10. Livets n\u00f8dvendige smerte11. Nat-Jensen12. Myten om Florence Nightingale13. N\u00e5r du har ondt14. [&hellip;]<\/p>\n","protected":false},"author":1,"featured_media":0,"parent":0,"menu_order":0,"comment_status":"closed","ping_status":"closed","template":"","meta":{"_uag_custom_page_level_css":"","site-sidebar-layout":"no-sidebar","site-content-layout":"page-builder","ast-site-content-layout":"full-width-container","site-content-style":"unboxed","site-sidebar-style":"unboxed","ast-global-header-display":"","ast-banner-title-visibility":"","ast-main-header-display":"","ast-hfb-above-header-display":"","ast-hfb-below-header-display":"","ast-hfb-mobile-header-display":"","site-post-title":"disabled","ast-breadcrumbs-content":"","ast-featured-img":"","footer-sml-layout":"","theme-transparent-header-meta":"disabled","adv-header-id-meta":"","stick-header-meta":"","header-above-stick-meta":"","header-main-stick-meta":"","header-below-stick-meta":"","astra-migrate-meta-layouts":"set","ast-page-background-enabled":"default","ast-page-background-meta":{"desktop":{"background-color":"","background-image":"","background-repeat":"repeat","background-position":"center center","background-size":"auto","background-attachment":"scroll","background-type":"","background-media":"","overlay-type":"","overlay-color":"","overlay-opacity":"","overlay-gradient":""},"tablet":{"background-color":"","background-image":"","background-repeat":"repeat","background-position":"center center","background-size":"auto","background-attachment":"scroll","background-type":"","background-media":"","overlay-type":"","overlay-color":"","overlay-opacity":"","overlay-gradient":""},"mobile":{"background-color":"","background-image":"","background-repeat":"repeat","background-position":"center center","background-size":"auto","background-attachment":"scroll","background-type":"","background-media":"","overlay-type":"","overlay-color":"","overlay-opacity":"","overlay-gradient":""}},"ast-content-background-meta":{"desktop":{"background-color":"var(--ast-global-color-5)","background-image":"","background-repeat":"repeat","background-position":"center center","background-size":"auto","background-attachment":"scroll","background-type":"","background-media":"","overlay-type":"","overlay-color":"","overlay-opacity":"","overlay-gradient":""},"tablet":{"background-color":"var(--ast-global-color-5)","background-image":"","background-repeat":"repeat","background-position":"center center","background-size":"auto","background-attachment":"scroll","background-type":"","background-media":"","overlay-type":"","overlay-color":"","overlay-opacity":"","overlay-gradient":""},"mobile":{"background-color":"var(--ast-global-color-5)","background-image":"","background-repeat":"repeat","background-position":"center center","background-size":"auto","background-attachment":"scroll","background-type":"","background-media":"","overlay-type":"","overlay-color":"","overlay-opacity":"","overlay-gradient":""}},"footnotes":""},"class_list":["post-2828","page","type-page","status-publish","hentry"],"uagb_featured_image_src":{"full":false,"thumbnail":false,"medium":false,"medium_large":false,"large":false,"1536x1536":false,"2048x2048":false},"uagb_author_info":{"display_name":"admin","author_link":"https:\/\/benteogleif.dk\/web\/author\/benteo\/"},"uagb_comment_info":0,"uagb_excerpt":"Forandring Tekster af bl.a. Rune T. Kidde. Flere af Bentes gendigtninger fra engelsk og norsk, samt nogle af Bentes sange og Leifs melodier. 1. Regnen2. Godt at se dig3. Den lange tavshed4. Kom tilbage5. Sk\u00e6bne6. Afsked7. Francis Tolliver8. Ejendomsretten9. Hustru, datter , mor10. Livets n\u00f8dvendige smerte11. Nat-Jensen12. Myten om Florence Nightingale13. N\u00e5r du har ondt14.&hellip;","_links":{"self":[{"href":"https:\/\/benteogleif.dk\/web\/wp-json\/wp\/v2\/pages\/2828","targetHints":{"allow":["GET"]}}],"collection":[{"href":"https:\/\/benteogleif.dk\/web\/wp-json\/wp\/v2\/pages"}],"about":[{"href":"https:\/\/benteogleif.dk\/web\/wp-json\/wp\/v2\/types\/page"}],"author":[{"embeddable":true,"href":"https:\/\/benteogleif.dk\/web\/wp-json\/wp\/v2\/users\/1"}],"replies":[{"embeddable":true,"href":"https:\/\/benteogleif.dk\/web\/wp-json\/wp\/v2\/comments?post=2828"}],"version-history":[{"count":10,"href":"https:\/\/benteogleif.dk\/web\/wp-json\/wp\/v2\/pages\/2828\/revisions"}],"predecessor-version":[{"id":3953,"href":"https:\/\/benteogleif.dk\/web\/wp-json\/wp\/v2\/pages\/2828\/revisions\/3953"}],"wp:attachment":[{"href":"https:\/\/benteogleif.dk\/web\/wp-json\/wp\/v2\/media?parent=2828"}],"curies":[{"name":"wp","href":"https:\/\/api.w.org\/{rel}","templated":true}]}}