{"id":4493,"date":"2025-02-16T13:57:44","date_gmt":"2025-02-16T13:57:44","guid":{"rendered":"https:\/\/benteogleif.dk\/web\/?page_id=4493"},"modified":"2025-02-16T14:02:08","modified_gmt":"2025-02-16T14:02:08","slug":"ovenoveralting","status":"publish","type":"page","link":"https:\/\/benteogleif.dk\/web\/ovenoveralting\/","title":{"rendered":"Ovenover alting"},"content":{"rendered":"\t\t<div data-elementor-type=\"wp-page\" data-elementor-id=\"4493\" class=\"elementor elementor-4493\">\n\t\t\t\t<div class=\"elementor-element elementor-element-173edd6 e-flex e-con-boxed e-con e-parent\" data-id=\"173edd6\" data-element_type=\"container\">\n\t\t\t\t\t<div class=\"e-con-inner\">\n\t\t<div class=\"elementor-element elementor-element-4be943b e-con-full e-flex e-con e-child\" data-id=\"4be943b\" data-element_type=\"container\">\n\t\t\t\t<div class=\"elementor-element elementor-element-389b00e elementor-widget elementor-widget-image\" data-id=\"389b00e\" data-element_type=\"widget\" data-widget_type=\"image.default\">\n\t\t\t\t<div class=\"elementor-widget-container\">\n\t\t\t\t\t\t\t\t\t\t\t\t\t\t\t<img decoding=\"async\" src=\"https:\/\/benteogleif.dk\/web\/wp-content\/uploads\/elementor\/thumbs\/07-scaled-qvcc8e81ajzfsh7oec7nkfn047b9ix86o6g4dsyhc4.jpg\" title=\"07\" alt=\"07\" loading=\"lazy\" \/>\t\t\t\t\t\t\t\t\t\t\t\t\t\t\t<\/div>\n\t\t\t\t<\/div>\n\t\t\t\t<\/div>\n\t\t<div class=\"elementor-element elementor-element-71a2bed e-con-full e-flex e-con e-child\" data-id=\"71a2bed\" data-element_type=\"container\">\n\t\t\t\t<div class=\"elementor-element elementor-element-c877f35 elementor-widget elementor-widget-heading\" data-id=\"c877f35\" data-element_type=\"widget\" data-widget_type=\"heading.default\">\n\t\t\t\t<div class=\"elementor-widget-container\">\n\t\t\t\t\t<h2 class=\"elementor-heading-title elementor-size-default\">Ovenover alting<\/h2>\t\t\t\t<\/div>\n\t\t\t\t<\/div>\n\t\t\t\t<div class=\"elementor-element elementor-element-0181cba elementor-widget-divider--view-line elementor-widget elementor-widget-divider\" data-id=\"0181cba\" data-element_type=\"widget\" data-widget_type=\"divider.default\">\n\t\t\t\t<div class=\"elementor-widget-container\">\n\t\t\t\t\t\t\t<div class=\"elementor-divider\">\n\t\t\t<span class=\"elementor-divider-separator\">\n\t\t\t\t\t\t<\/span>\n\t\t<\/div>\n\t\t\t\t\t\t<\/div>\n\t\t\t\t<\/div>\n\t\t\t\t<div class=\"elementor-element elementor-element-010be06 elementor-widget elementor-widget-text-editor\" data-id=\"010be06\" data-element_type=\"widget\" data-widget_type=\"text-editor.default\">\n\t\t\t\t<div class=\"elementor-widget-container\">\n\t\t\t\t\t\t\t\t\t<p><strong><em>\u00c5rets Danske Visealbum &#8211; Danish Music Award 2004!<\/em><\/strong><\/p><p>Sangene er helt eller delvis skrevet af Bente, og der er ogs\u00e5 to af Leifs smukke instrumentale kompositioner. <br \/>Vokale g\u00e6stesolister p\u00e5 sangen &#8220;Sig godaften og god kv\u00e6ld&#8221;:<br \/>Lillebj\u00f8rn Nilsen (N), Peter Abrahamsen (DK) og Mikael Wiehe (S)<\/p><p>1. Sommer f\u00f8r April<br \/>2. G\u00e5 ud i en dag<br \/>3. Fluer<br \/>4. Boblesang<br \/>5. Bjerget<br \/>6. Vildrosernes sang<br \/>7. I dit efter\u00e5r (Henteh\u00e5r)<br \/>8. Ku&#8217; jeg gi&#8217; mit hjerte<br \/>9. Tivoli<br \/>10. Hallo, charm\u00f8r (Regnormen)<br \/>11. Sig godaften og godkv\u00e6ld<br \/>12. Poros<\/p><p>Indspillet i Media Sound Studios, K\u00f8benhavn i sommeren 2003<br \/>Teknik: Michael Engman<br \/>Producer: Leif Ernstsen<\/p><p>G\u00e6stemusikere:<br \/>Rasmus Zeeberg: guitar, el-guitar, mandolin <br \/>Steffan S\u00f8gaard S\u00f8rensen: kontrabas<br \/>Bj\u00f6rn J\u00f6nsson: trommer, green bellpepper box<br \/>Lars Bang Andersen: alt- &amp; tenor-saxofon<br \/>Michael Engman: el-guitar<br \/>Peter Abrahamsen: sang, kor, frottoir<br \/>Mikael Wiehe: sang<br \/>Lillebj\u00f8rn Nilsen: sang<br \/>Torhild Ostad: kor<br \/><br \/>Anmeldelser:<br \/>&#8221; \u2019Ovenover Alting\u2019 kan f\u00e5 solen til at titte frem&#8230;at Bente selv kan skrive sange, der er v\u00e6rd at l\u00e6gge \u00f8re til, viser hun ogs\u00e5 p\u00e5 den nye CD&#8230;.og Leif Ernstsen spiller med vanlig virtuositet et par egne nykomponerede harmonika-numre&#8230;.Og charmerende er duoens vintervarme viser!&#8230;.Sangene udstr\u00e5ler optimisme, h\u00e5b og varme i en kold tid&#8230;.masser af spr\u00e6lsk og boblende livsgl\u00e6de ikke mindst i Bente Kures egne sange&#8230;.\u201d<br \/>Ringk\u00f8bing Amts Dagblad<\/p><p>\u201dHver eneste gang Bente Kure og Leif Ernstsen udsender en Cd, er det et gl\u00e6deligt genh\u00f8r, og denne gang er heller ingen undtagelse. \u2019Ovenover alting str\u00e5ler moder sol\u2019 sang Dirch Passer engang, og denne titel er velvalgt til den nye CD, for sol og optimisme ligger som en overskrift p\u00e5 alle numrene &#8211; ogs\u00e5 de to musiknumre uden sang. I h\u00e6ftet, der f\u00f8lger med Cd&#8217;en, taler Leif om at bringe den nordiske visetradition i h\u00f8js\u00e6det igen og genindf\u00f8re det respektable i at v\u00e6re visesanger. Det er de to i h\u00f8j grad eksponent for. Den dejlige og velklingende Cd er et udtryk for visesangen, n\u00e5r den er bedst. En Cd jeg kan give min varmeste anbefaling.&#8221;<br \/>Leif Kirkv\u00e5g, formand for Visens Venner<\/p><p>\u201d &#8216;Ovenover alting&#8217; hedder Bente Kure og Leif Ernstsens nye CD. Og det ligner bogstavelig talt ogs\u00e5 den sol, der str\u00e5ler ovenover alting&#8230;\u201d<br \/>Dagbladet Arbejderen<\/p>\t\t\t\t\t\t\t\t<\/div>\n\t\t\t\t<\/div>\n\t\t\t\t<div class=\"elementor-element elementor-element-6d51ef2 elementor-widget elementor-widget-heading\" data-id=\"6d51ef2\" data-element_type=\"widget\" data-widget_type=\"heading.default\">\n\t\t\t\t<div class=\"elementor-widget-container\">\n\t\t\t\t\t<h2 class=\"elementor-heading-title elementor-size-default\">Sangtekster - Ovenover alting<\/h2>\t\t\t\t<\/div>\n\t\t\t\t<\/div>\n\t\t\t\t<div class=\"elementor-element elementor-element-dc2e5e5 elementor-widget elementor-widget-text-editor\" data-id=\"dc2e5e5\" data-element_type=\"widget\" data-widget_type=\"text-editor.default\">\n\t\t\t\t<div class=\"elementor-widget-container\">\n\t\t\t\t\t\t\t\t\t<p>1. Sommer f\u00f8r April <br \/>Tekst: Kalle Zwilgmeyer, Overs.: Bente Kure, Musik: Hans Ericsson<br \/><br \/>En dag i Marts med for\u00e5rs-tegn i luften<br \/>Vi slenterede en tur i skovens l\u00e6<br \/>Et strejf af harpiks blanded sig med duften<br \/>af blade fra i fjor og f\u00e6ldet tr\u00e6<\/p><p>Og sne og nattefrost kan stadig forsinke denne v\u00e5r<br \/>og g\u00f8gen lever endnu i eksil<br \/>S\u00e5 r\u00e6kker du mig h\u00e5nden og dine \u00f8jne sp\u00e5r <br \/>at det ka&#8217; bli&#8217; sommer f\u00f8r vi n\u00e5r April!<\/p><p>Vi sad d\u00e9r h\u00e5nd i h\u00e5nd og var lidt stille<br \/>Et fuglefl\u00f8jt blev vores melodi<br \/>mens solens st\u00e5ler varmed og var milde<br \/>og lokkede os ud af vint&#8217;rens hi<\/p><p>Og sne&#8230;&#8230;.osv<\/p><p>Og gran og birkeris blev til et leje<br \/>vi la&#8217; os ned og smelted sidste sne<br \/>En lille skovmus gik p\u00e5 egne veje<br \/>og studsed over hvad den fik at se<\/p><p>For sne&#8230;&#8230;.osv<\/p><p>Og hvis en dag allig&#8217;vel det sku&#8217; h\u00e6nde<br \/>at flammen mellem os er ved at d\u00f8<br \/>s\u00e5 kan vi m\u00e5ske f\u00e5 den til at br\u00e6nde<br \/>i vinterskoven p\u00e5 en dag med t\u00f8<\/p><p>Og sne&#8230;&#8230;..osv<br \/>______________________________________________________________<\/p><p><br \/>2. G\u00e5 ud i en dag <br \/>Tekst &amp; Musik: Bente Kure<br \/><br \/>&#8211; Solen den skinner i en regnvejrspyt<br \/>og det er lissom det hele str\u00e5ler rent og nyt<br \/>Regnen v\u00e6ltede ned i tove<br \/>men nu g\u00e6lder en af naturens love<br \/>nemlig den om at dag altid f\u00f8lger en nat<br \/>og nu er det morgen, min skat<\/p><p>&#8211; Tid til at \u00e5bne d\u00f8ren og g\u00e5 ud<br \/>og det er tid til at se om der er nye skud<br \/>p\u00e5 den lilla syr\u00e9n i haven<br \/>t\u00e6nk, jeg tror idag f\u00e5r vi sol p\u00e5 maven<br \/>og en gr\u00e5spurv den kvidrer om kap med en st\u00e6r<br \/>bar&#8217; fordi den ik&#8217; ka&#8217; la&#8217; v\u00e6r&#8217;<\/p><p>Morgen efter en vinterdvale &#8211; Solskin efter en nat<br \/>Lys der bryder som b\u00f8lger mod en klint i dit sind<br \/>Gl\u00e6de efter en tordenskylle &#8211; Sorgen fulgt af en v\u00e5r<br \/>Et fr\u00f8 blev h\u00f8stet og spirer lystigt<br \/>og NU, nu sprang det ud som en morgenfrue<\/p><p>&#8211; Kysser dit \u00f8je i et v\u00e6ld af farver<br \/>ja, naturen den deler gerne sine gaver<br \/>med en tr\u00e6t og ked lille sj\u00e6l som pluds&#8217;li&#8217;<br \/>v\u00e5gner op og vinker farvel til sorgen<br \/>og g\u00e5r ud i en dag, i en v\u00e5r, i et lys<br \/>og nu gi&#8217;r jeg livet et kys<\/p><p>Ja, g\u00e5 ud i en dag, i en v\u00e5r, i et lys &#8211; og gi&#8217; dit liv et kys!<br \/>____________________________________________________________<\/p><p><br \/>3. Fluer <br \/>Tekst &amp; Musik: Bente Kure<br \/><br \/>Fluer i mit fuglehus &#8211; fluer allevegne <br \/>flyver i en humlerus &#8211; det er ved at tegne <br \/>til et v\u00e6re sv\u00e6rmeri &#8211; uden m\u00e5l og mening i <br \/>og det m\u00e5 det godt &#8211; det m\u00e5 det godt<br \/><br \/>Sidste tog til Humleb\u00e6k &#8211; gik for l\u00e6nge siden<br \/>Aftnen den er n\u00e6sten v\u00e6k &#8211; jeg ta&#8217;r fat i tiden <br \/>holder den i \u00e6rmet lidt &#8211; be&#8217;r den bare om lidt kredit <br \/>bare \u00e9n gang til- ja, \u00e9n gang til<\/p><p>Snik og snak og kys og kram &#8211; h\u00f8r min flue summe <br \/>Stryg mig ud af dagens ham &#8211; lad os v\u00e6re dumme <br \/>s\u00e6tte af og flyve v\u00e6k &#8211; bl\u00e6se v\u00e6r&#8217; med Humleb\u00e6k <br \/>og med tidens gang &#8211; med tidens gang <br \/><br \/>Du er et sukkerknald &#8211; og jeg en flue <br \/>Hvilket herligt syndefald &#8211; men hvad si&#8217;r din fru &#8211; uhadada<\/p><p>Alle \u00f8jne knibes i &#8211; f\u00f8lehorn&#8217;ne krydses<br \/>H\u00e5ber p\u00e5 den gode fe &#8211; skulle det mon lykkes<br \/>n\u00e5r du nu er s\u00e5 l\u00e6kker &#8211; at den store sm\u00e6kker <br \/>bar&#8217; for \u00e9n gangs skyld la&#8217; mig g\u00e5 &#8211; <br \/>bar&#8217; for \u00e9n gangs skyld la&#8217; mig g\u00e5 &#8211; <br \/>bar&#8217; for \u00e9n gangs skyld la&#8217; mig g\u00e5 fri! <br \/>_______________________________________________________<\/p><p><br \/>4. Boblesang <br \/>Tekst &amp; Musik: Bente Kure<br \/><br \/>Nu logrer min lille syndige sj\u00e6l<br \/>Nu hyler min ulv mod en m\u00e5ne<br \/>Nu drejer mit sind som en legesyg s\u00e6l<br \/>som en filmhelt der sn\u00f8d AlCapone<br \/>Nu blomstrer mit ved &#8211; Nu br\u00e6ger min ged<br \/>og alle er glade og trygge<br \/>:\/ og sj\u00e6len den letter og t\u00e6nderne s\u00e6tter<br \/>sig fast i et stykke med lykke \/:<\/p><p>Nu padler min snehvide indre and <br \/>med f\u00f8dderne i mine vande<br \/>Nu fyldes min gamle og bulede spand<br \/>med nektar fra gudernes kande<br \/>fra frugter der gror i Paradisjord<br \/>ja, h\u00f8r, nu standser min hikke<br \/>:\/ og selvom jeg pr\u00f8ved ved jorden s\u00e5 st\u00f8vet<br \/>at blive s\u00e5 kunne jeg ikke \/:<\/p><p>For nu g\u00e5r mine vinger begejstret igang<br \/>med at baske i takt med hinanden<br \/>og l\u00f8fter mig op i en tosseglad sang<br \/>om at livet er sjovest p\u00e5 randen<br \/>af det som de si&#8217;r til drenge og pi&#8217;r<br \/>er langt ude over fornuften<br \/>:\/ Og nu er min g\u00e6kke li&#8217; ved at spr\u00e6kke<br \/>og NU slap den l\u00f8s ud i luften \/:<br \/>____________________________________________________________<\/p><p><br \/>5. Bjerget <br \/>Tekst &amp; Musik: Bente Kure<br \/><br \/>Bjerget skjuler langsomt solen &#8211; himlen ligner ild og vand <br \/>og jeg sidder her i stolen &#8211; f\u00f8rste skridt til dr\u00f8mmeland<br \/>Sindet linder lidt p\u00e5 l\u00e5gen &#8211; blikket hviler p\u00e5 en sky<br \/>med en gylden kant foroven &#8211; jeg bli&#8217;r stille til p\u00e5ny<\/p><p>Sj\u00e6len den har kastet anker &#8211; hviler sine tr\u00e6tte ben<br \/>Alle mine tunge tanker letter stille \u00e9n for \u00e9n<br \/>Aftenbrisen pusler rundt og skubber lidt til en propel<br \/>Stryger om min nakke som et kys af k\u00e6rligheden selv<\/p><p>Verden den st\u00e5r helt p\u00e5 ho&#8217;det set i glassets runde bug<br \/>men det hj\u00e6lper lidt p\u00e5 rodet n\u00e5r man drikker vinen ud<br \/>Vandet snadrer blidt om st\u00e6vnen p\u00e5 en jolle i en snor<br \/>der bli&#8217;r vugget som et lille barn i favnen p\u00e5 sin mor<\/p><p>I det fjerne h\u00f8res lyden af en stemmes sprukne klang<br \/>Han f\u00e5r vistnok taget dyden p\u00e5 en stille aftensang<br \/>men jeg t\u00e6nker mig at p\u00e5 en smuk balkon ret over ham<br \/>st\u00e5r en kvinde og bli&#8217;r bl\u00f8d om hjertet ved hans elskovssang<\/p><p>S\u00e5dan kommer alting an p\u00e5 \u00f8rerne der lytter til<br \/>og om det man sanser kan f\u00e5 rytmen ind i hjertets spil<br \/>Dagen har nu taget nattens kappe p\u00e5 med stjerner i<br \/>Tak for denne stund &#8211; den gav mig fred til lidt filosofi<br \/>_____________________________________________________<\/p><p><br \/>6. Vildrosernes sang <br \/>Tekst: Gerda Kunkel, Musik: Bente Kure<\/p><p>1. Vi f\u00f8dtes som vilde roser med vor rod i den karrige jord<br \/>Fra den fik vi livskraft og styrke til \u00e5rtusinders blomstrende flor<br \/>Vi kender til nytten af torne og rusen i sommerens duft<br \/>og angsten for frugternes sk\u00e6bne i den frostklare efter\u00e5rsluft<\/p><p>Fra hegn og bakke, skov og krat g\u00e5r sangen i en sommernat<br \/>Fra vilde roser n\u00e6r og fjern med blomsterduft bag tornev\u00e6rn<br \/><br \/>2. Vi ser p\u00e5 de \u00e6dle roser i havernes muldrige jord<br \/>Hver stilk er s\u00e5 rank og s\u00e5 kraftig hver krone s\u00e5 fyldig og stor<br \/>De blusser i gl\u00f8dende farver som skabte til fl\u00f8jl og krystal<br \/>men roden som giver dem livet er den vilde roses trods alt<\/p><p>Fra hegn og bakke&#8230;.osv<\/p><p>3. De \u00e6dle roser m\u00e5 takke en gartner for f\u00f8dsel og liv<br \/>Men truslen fra vildrodens styrke m\u00e5 han sk\u00e6rme dem mod med sin kniv<br \/>for \u00e6dle roser har ikke t\u00e5lmodighed, styrke og trods<br \/>Mod sult og kulde og t\u00f8rke m\u00e5 man eje sin rod for at sl\u00e5s<\/p><p>Fra hegn og bakke&#8230;.osv<\/p><p>4. Vi vil blive p\u00e5 pladsen i hegnet &#8211; vi vil fl\u00e5 med de torne vi har<br \/>Dufte sommerm\u00e6t n\u00e5r det har regnet &#8211; gi&#8217; vor arv til de frugter vi bar<br \/>S\u00e6tte nye blomster og blade som ved l\u00f8vfald bli&#8217;r muld ved vor fod<br \/>og vokse os stolte og glade ved at eje vor vildrose-rod<\/p><p>Fra hegn og bakke&#8230;.osv x2<br \/>_____________________________________________________________<\/p><p><br \/>7. I dit efter\u00e5r <br \/>(Henteh\u00e5r) Tekst &amp; Musik: Bente Kure<\/p><p><br \/>Sol og hav og sommerbl\u00e6st<br \/>Vi sku&#8217; begge ha &#8216; v\u00e6ret til fest<br \/>Mig i lak og duftevand <br \/>Dig kl\u00e6dt ud som Supermand<br \/>men det er l\u00e5netid og du er m\u00e5nehvid<br \/>:\/ S\u00e5 jeg kysser dig i dit efter\u00e5r og roder i dit henteh\u00e5r \/:<\/p><p>En enkelt forfl\u00f8jen m\u00e5ge<br \/>klatter p\u00e5 din havel\u00e5ge<br \/>Himlen den er h\u00f8j og bl\u00e5<br \/>og vi valser h\u00f8jt p\u00e5 str\u00e5<br \/>og det er l\u00e5netid og du er m\u00e5nehvid<br \/>:\/ S\u00e5 jeg&#8230;&#8230;&#8230;&#8230;&#8230;etc.<\/p><p>Vi finder som er gave<br \/>en gammel \u00e6blehave<br \/>ikke langt fra alfarvej<br \/>Alligevel si&#8217;r jeg ikke nej, nej<br \/>for det er l\u00e5netid og du er m\u00e5nehvid<br \/>:\/ S\u00e5 jeg&#8230;&#8230;&#8230;&#8230;&#8230;..etc.<\/p><p>(f\u00f8rste vers igen)<\/p><p>:\/ S\u00e5 jeg&#8230;&#8230;&#8230;&#8230;&#8230;.etc.<\/p><p>Hvad der egntlig foreg\u00e5r er der ingen af os der helt forst\u00e5r<br \/>uhu &#8211; ja,ja,ja &#8211; kysser dig i dit henteh\u00e5r<br \/>uhu &#8211; ja,ja,ja &#8211; roder i dit efter\u00e5r!<br \/>____________________________________________________________<\/p><p><br \/>8. Ku\u2019 jeg gi\u2019 mit hjerte <br \/>Tekst: J.H.O.Djurhuus, Overs.: Bente Kure, Musik: Stanley Samuelsen<br \/><br \/>Ku&#8217; jeg gi&#8217; mit hjerte &#8211; synge dig en vej<br \/>Mine skjulte sange ville v\u00e6r&#8217; til dig<br \/>Elskede, til dig<\/p><p>Og hvis jeg ku&#8217; gr\u00e6de i den tavse nat<br \/>mens en engel v\u00e5ged over dig, min skat<br \/>i den tavse nat<\/p><p>Gr\u00e6de tyst og l\u00e6nge &#8211; smelte dig en sti<br \/>gennem sneens driver fra dit vinterhi<br \/>fra dit vinterhi<\/p><p>Mine varme t\u00e5rer og mit hjerteblod<br \/>ville bringe n\u00e6ring til smukke blomsters rod<br \/>at spire for din fod<\/p><p>Og jeg ville hviske: V\u00e5gn, mit hjertes ven<br \/>se og duft de blomster som er spiret frem<br \/>som er spiret frem<\/p><p>Sorgens tunge skygger ville drage hjem<br \/>Smilet i dit ansigt end&#8217;lig bryde frem<br \/>S\u00e5 v\u00e5gn mit hjertes ven<br \/>_____________________________________________________<\/p><p><br \/>10. Hallo, charm\u00f8r <br \/>(Regnormen) Tekst &amp; Musik: Bente Hedegaard<br \/><br \/>Der var en lille regnorm &#8211; den boede i et blomsterbed<br \/>Den boede der alene &#8211; Det var der ikke meget ved<br \/>Den l\u00e6ngtes nemlig efter k\u00e6rlighed<br \/>og \u00e9n som den ku&#8217; hviske disse ord &#8211; du ved besked:<\/p><p>Hallo, Cham\u00f8r, har vi to ikke set hinanden f\u00f8r?<br \/>Hvor var det nu det var?<br \/>Bekend kul\u00f8r! Ja, undskyld jeg sp\u00f8&#8217;r!<\/p><p>Men s\u00e5 en sk\u00f8nne dag hvor ormen sov i fred og ro<br \/>kom manden &#8211; ham med spaden! &#8211; og huggede vor ven i to!<br \/>Den v\u00e5gned med et spj\u00e6t og sagde : &#8220;Ak og ve!&#8221;<br \/>S\u00e5 s\u00e5 den p\u00e5 sin hale og sa&#8217;: &#8220;N\u00e6h! Der kan man se!&#8221;<\/p><p>Hallo, Cham\u00f8r&#8230;.osv<br \/><br \/>Den anden ende vred sig lidt &#8211; S\u00e5 sa&#8217; den: &#8220;Du har vistnok jord<br \/>i ho&#8217;det!&#8221; Men den sa&#8217; det blidt for ved I hvad jeg g\u00e5r og tror?<br \/>Den l\u00e6ngtes ogs\u00e5 efter k\u00e6rlighed<br \/>og \u00e9n som den ku&#8217; hviske disse ord &#8211; du ved besked:<\/p><p>Hallo, Cham\u00f8r&#8230;osv<\/p><p>Se, enden den er rigtig god &#8211; Allig&#8217;vel er moralen den<br \/>La&#8217; v\u00e6r&#8217; at miste hverken ho&#8217;det eller halen, <br \/>men hvis du g\u00e5r og l\u00e6nges efter k\u00e6rlighed <br \/>s\u00e5 syng engang denne sang til den du sidder ved:<\/p><p>Hallo, Cham\u00f8r&#8230;osv<br \/>_____________________________________________________________<\/p><p><br \/>11. Sig godaften og godkv\u00e6ld <br \/>Svensk trad., Overs.: Palle Aarslev<br \/><br \/>Sig go&#8217;aften og go&#8217;kv\u00e6ld<br \/>du min k\u00e6reste ven<br \/>Hvordan trives nu verden med dig?<br \/>Har du lykke, har du held?<br \/>Har du venskab med dig selv?<br \/>Hvis du har, ja, s\u00e5 gl\u00e6der det mig!<\/p><p>Har du s\u00f8lv og har du guld?<br \/>Er din pengekiste fuld?<br \/>Har du rigdom, s\u00e5 gl\u00e6der det mig.<br \/>Men i m\u00e5ne og i sol<br \/>spiller jeg p\u00e5 min fiol.<br \/>Det er bedre end penge og guld.<\/p><p>N\u00e5r jeg t\u00e6nker p\u00e5 dig<br \/>str\u00f8mmer blodet varmt i mig<br \/>K\u00e6re elskede ven &#8211; forglem mig ej<br \/>Ser du stjernerne s\u00e5 sm\u00e5<br \/>h\u00f8jt p\u00e5 himmelen den bl\u00e5<br \/>falde ned til os p\u00e5 jorden som str\u00e5<\/p><p>\u00c5er, b\u00e6kke, s\u00f8 og strand<br \/>&#8211; de skal t\u00f8rre ud som sand<br \/>f\u00f8r end jeg vil finde mig en bedre ven<br \/>Og i m\u00e5ne som i sol<br \/>spiller jeg p\u00e5 min fiol<br \/>Jeg vil spille til vi m\u00f8des igen<\/p><p>S\u00e5, sig go&#8217;aften og go&#8217;kv\u00e6ld<br \/>du min k\u00e6reste ven<br \/>Hvordan trives nu verden med dig?<br \/>Har du lykke, har du held?<br \/>Har du venskab med dig selv?<br \/>Hvis du har, ja, s\u00e5 gl\u00e6der det mig!<\/p>\t\t\t\t\t\t\t\t<\/div>\n\t\t\t\t<\/div>\n\t\t\t\t<\/div>\n\t\t\t\t\t<\/div>\n\t\t\t\t<\/div>\n\t\t<div class=\"elementor-element elementor-element-2b588f8 e-flex e-con-boxed e-con e-parent\" data-id=\"2b588f8\" data-element_type=\"container\">\n\t\t\t\t\t<div class=\"e-con-inner\">\n\t\t\t\t\t<\/div>\n\t\t\t\t<\/div>\n\t\t\t\t<\/div>\n\t\t","protected":false},"excerpt":{"rendered":"<p>Ovenover alting \u00c5rets Danske Visealbum &#8211; Danish Music Award 2004! Sangene er helt eller delvis skrevet af Bente, og der er ogs\u00e5 to af Leifs smukke instrumentale kompositioner. Vokale g\u00e6stesolister p\u00e5 sangen &#8220;Sig godaften og god kv\u00e6ld&#8221;:Lillebj\u00f8rn Nilsen (N), Peter Abrahamsen (DK) og Mikael Wiehe (S) 1. Sommer f\u00f8r April2. G\u00e5 ud i en dag3. [&hellip;]<\/p>\n","protected":false},"author":1,"featured_media":0,"parent":0,"menu_order":0,"comment_status":"closed","ping_status":"closed","template":"","meta":{"_uag_custom_page_level_css":"","site-sidebar-layout":"no-sidebar","site-content-layout":"page-builder","ast-site-content-layout":"full-width-container","site-content-style":"unboxed","site-sidebar-style":"unboxed","ast-global-header-display":"","ast-banner-title-visibility":"","ast-main-header-display":"","ast-hfb-above-header-display":"","ast-hfb-below-header-display":"","ast-hfb-mobile-header-display":"","site-post-title":"disabled","ast-breadcrumbs-content":"","ast-featured-img":"","footer-sml-layout":"","theme-transparent-header-meta":"disabled","adv-header-id-meta":"","stick-header-meta":"","header-above-stick-meta":"","header-main-stick-meta":"","header-below-stick-meta":"","astra-migrate-meta-layouts":"set","ast-page-background-enabled":"default","ast-page-background-meta":{"desktop":{"background-color":"","background-image":"","background-repeat":"repeat","background-position":"center center","background-size":"auto","background-attachment":"scroll","background-type":"","background-media":"","overlay-type":"","overlay-color":"","overlay-opacity":"","overlay-gradient":""},"tablet":{"background-color":"","background-image":"","background-repeat":"repeat","background-position":"center center","background-size":"auto","background-attachment":"scroll","background-type":"","background-media":"","overlay-type":"","overlay-color":"","overlay-opacity":"","overlay-gradient":""},"mobile":{"background-color":"","background-image":"","background-repeat":"repeat","background-position":"center center","background-size":"auto","background-attachment":"scroll","background-type":"","background-media":"","overlay-type":"","overlay-color":"","overlay-opacity":"","overlay-gradient":""}},"ast-content-background-meta":{"desktop":{"background-color":"var(--ast-global-color-5)","background-image":"","background-repeat":"repeat","background-position":"center center","background-size":"auto","background-attachment":"scroll","background-type":"","background-media":"","overlay-type":"","overlay-color":"","overlay-opacity":"","overlay-gradient":""},"tablet":{"background-color":"var(--ast-global-color-5)","background-image":"","background-repeat":"repeat","background-position":"center center","background-size":"auto","background-attachment":"scroll","background-type":"","background-media":"","overlay-type":"","overlay-color":"","overlay-opacity":"","overlay-gradient":""},"mobile":{"background-color":"var(--ast-global-color-5)","background-image":"","background-repeat":"repeat","background-position":"center center","background-size":"auto","background-attachment":"scroll","background-type":"","background-media":"","overlay-type":"","overlay-color":"","overlay-opacity":"","overlay-gradient":""}},"footnotes":""},"class_list":["post-4493","page","type-page","status-publish","hentry"],"uagb_featured_image_src":{"full":false,"thumbnail":false,"medium":false,"medium_large":false,"large":false,"1536x1536":false,"2048x2048":false},"uagb_author_info":{"display_name":"admin","author_link":"https:\/\/benteogleif.dk\/web\/author\/benteo\/"},"uagb_comment_info":0,"uagb_excerpt":"Ovenover alting \u00c5rets Danske Visealbum &#8211; Danish Music Award 2004! Sangene er helt eller delvis skrevet af Bente, og der er ogs\u00e5 to af Leifs smukke instrumentale kompositioner. Vokale g\u00e6stesolister p\u00e5 sangen &#8220;Sig godaften og god kv\u00e6ld&#8221;:Lillebj\u00f8rn Nilsen (N), Peter Abrahamsen (DK) og Mikael Wiehe (S) 1. Sommer f\u00f8r April2. G\u00e5 ud i en dag3.&hellip;","_links":{"self":[{"href":"https:\/\/benteogleif.dk\/web\/wp-json\/wp\/v2\/pages\/4493","targetHints":{"allow":["GET"]}}],"collection":[{"href":"https:\/\/benteogleif.dk\/web\/wp-json\/wp\/v2\/pages"}],"about":[{"href":"https:\/\/benteogleif.dk\/web\/wp-json\/wp\/v2\/types\/page"}],"author":[{"embeddable":true,"href":"https:\/\/benteogleif.dk\/web\/wp-json\/wp\/v2\/users\/1"}],"replies":[{"embeddable":true,"href":"https:\/\/benteogleif.dk\/web\/wp-json\/wp\/v2\/comments?post=4493"}],"version-history":[{"count":4,"href":"https:\/\/benteogleif.dk\/web\/wp-json\/wp\/v2\/pages\/4493\/revisions"}],"predecessor-version":[{"id":4497,"href":"https:\/\/benteogleif.dk\/web\/wp-json\/wp\/v2\/pages\/4493\/revisions\/4497"}],"wp:attachment":[{"href":"https:\/\/benteogleif.dk\/web\/wp-json\/wp\/v2\/media?parent=4493"}],"curies":[{"name":"wp","href":"https:\/\/api.w.org\/{rel}","templated":true}]}}